{"id":895,"date":"2023-10-05T09:47:07","date_gmt":"2023-10-05T09:47:07","guid":{"rendered":"https:\/\/liveglucofit.com\/?page_id=895"},"modified":"2023-10-06T11:10:54","modified_gmt":"2023-10-06T11:10:54","slug":"profesionales","status":"publish","type":"page","link":"https:\/\/liveglucofit.com\/?page_id=895","title":{"rendered":"Profesionales"},"content":{"rendered":"\n<div class=\"wp-block-uagb-container uagb-block-08ea63ad alignfull uagb-is-root-container\"><div class=\"uagb-container-inner-blocks-wrap\">\n<div class=\"wp-block-uagb-container uagb-block-12875c09\">\n<div class=\"wp-block-uagb-info-box uagb-block-0966c266 uagb-infobox__content-wrap  uagb-infobox-icon-above-title uagb-infobox-image-valign-top\"><div class=\"uagb-ifb-content\"><div class=\"uagb-ifb-title-wrap\"><h1 class=\"uagb-ifb-title\">PROFESIONALES<\/h1><\/div><p class=\"uagb-ifb-desc\">Mejora la atenci\u00f3n m\u00e9dica para tus pacientes. Ofrecemos a los profesionales de la salud la posibilidad de brindar un enfoque personalizado y eficaz en el diagn\u00f3stico y tratamiento, utilizando mediciones de glucosa y an\u00e1lisis de estilo de vida. Nuestra plataforma simplifica la gesti\u00f3n de datos, ahorra tiempo y atrae nuevos clientes con an\u00e1lisis nutricionales. \u00a1Potencia tu carrera como nutricionista con Live Gluco Fit!<\/p><div class=\"uagb-ifb-button-wrapper wp-block-button\"><a href=\"#\" class=\"uagb-infobox-cta-link wp-block-button__link\" target=\"_self\" rel=\"noopener noreferrer\" onclick=\"return false;\" alt=\"\"><span class=\"uagb-inline-editing\">NO ESPERES M\u00c1S<\/span><svg xmlns=\"https:\/\/www.w3.org\/2000\/svg\" viewBox=\"0 0 512 512\"><path d=\"M504.3 273.6l-112.1 104c-6.992 6.484-17.18 8.218-25.94 4.406c-8.758-3.812-14.42-12.45-14.42-21.1L351.9 288H32C14.33 288 .0002 273.7 .0002 255.1S14.33 224 32 224h319.9l0-72c0-9.547 5.66-18.19 14.42-22c8.754-3.809 18.95-2.075 25.94 4.41l112.1 104C514.6 247.9 514.6 264.1 504.3 273.6z\"><\/path><\/svg><\/a><\/div><\/div><\/div>\n\n\n\n<ul class=\"wp-block-social-links has-icon-color has-icon-background-color is-layout-flex wp-container-core-social-links-is-layout-3909f202 wp-block-social-links-is-layout-flex\"><li style=\"color:#ffffff;background-color:#ffffff00;\" class=\"wp-social-link wp-social-link-instagram has-white-color wp-block-social-link\"><a href=\"https:\/\/www.instagram.com\/\" class=\"wp-block-social-link-anchor\"><svg width=\"24\" height=\"24\" viewBox=\"0 0 24 24\" version=\"1.1\" xmlns=\"http:\/\/www.w3.org\/2000\/svg\" aria-hidden=\"true\" focusable=\"false\"><path d=\"M12,4.622c2.403,0,2.688,0.009,3.637,0.052c0.877,0.04,1.354,0.187,1.671,0.31c0.42,0.163,0.72,0.358,1.035,0.673 c0.315,0.315,0.51,0.615,0.673,1.035c0.123,0.317,0.27,0.794,0.31,1.671c0.043,0.949,0.052,1.234,0.052,3.637 s-0.009,2.688-0.052,3.637c-0.04,0.877-0.187,1.354-0.31,1.671c-0.163,0.42-0.358,0.72-0.673,1.035 c-0.315,0.315-0.615,0.51-1.035,0.673c-0.317,0.123-0.794,0.27-1.671,0.31c-0.949,0.043-1.233,0.052-3.637,0.052 s-2.688-0.009-3.637-0.052c-0.877-0.04-1.354-0.187-1.671-0.31c-0.42-0.163-0.72-0.358-1.035-0.673 c-0.315-0.315-0.51-0.615-0.673-1.035c-0.123-0.317-0.27-0.794-0.31-1.671C4.631,14.688,4.622,14.403,4.622,12 s0.009-2.688,0.052-3.637c0.04-0.877,0.187-1.354,0.31-1.671c0.163-0.42,0.358-0.72,0.673-1.035 c0.315-0.315,0.615-0.51,1.035-0.673c0.317-0.123,0.794-0.27,1.671-0.31C9.312,4.631,9.597,4.622,12,4.622 M12,3 C9.556,3,9.249,3.01,8.289,3.054C7.331,3.098,6.677,3.25,6.105,3.472C5.513,3.702,5.011,4.01,4.511,4.511 c-0.5,0.5-0.808,1.002-1.038,1.594C3.25,6.677,3.098,7.331,3.054,8.289C3.01,9.249,3,9.556,3,12c0,2.444,0.01,2.751,0.054,3.711 c0.044,0.958,0.196,1.612,0.418,2.185c0.23,0.592,0.538,1.094,1.038,1.594c0.5,0.5,1.002,0.808,1.594,1.038 c0.572,0.222,1.227,0.375,2.185,0.418C9.249,20.99,9.556,21,12,21s2.751-0.01,3.711-0.054c0.958-0.044,1.612-0.196,2.185-0.418 c0.592-0.23,1.094-0.538,1.594-1.038c0.5-0.5,0.808-1.002,1.038-1.594c0.222-0.572,0.375-1.227,0.418-2.185 C20.99,14.751,21,14.444,21,12s-0.01-2.751-0.054-3.711c-0.044-0.958-0.196-1.612-0.418-2.185c-0.23-0.592-0.538-1.094-1.038-1.594 c-0.5-0.5-1.002-0.808-1.594-1.038c-0.572-0.222-1.227-0.375-2.185-0.418C14.751,3.01,14.444,3,12,3L12,3z M12,7.378 c-2.552,0-4.622,2.069-4.622,4.622S9.448,16.622,12,16.622s4.622-2.069,4.622-4.622S14.552,7.378,12,7.378z M12,15 c-1.657,0-3-1.343-3-3s1.343-3,3-3s3,1.343,3,3S13.657,15,12,15z M16.804,6.116c-0.596,0-1.08,0.484-1.08,1.08 s0.484,1.08,1.08,1.08c0.596,0,1.08-0.484,1.08-1.08S17.401,6.116,16.804,6.116z\"><\/path><\/svg><span class=\"wp-block-social-link-label screen-reader-text\">https:\/\/www.instagram.com\/<\/span><\/a><\/li>\n\n<li style=\"color:#ffffff;background-color:#ffffff00;\" class=\"wp-social-link wp-social-link-facebook has-white-color wp-block-social-link\"><a href=\"https:\/\/www.facebook.com\/\" class=\"wp-block-social-link-anchor\"><svg width=\"24\" height=\"24\" viewBox=\"0 0 24 24\" version=\"1.1\" xmlns=\"http:\/\/www.w3.org\/2000\/svg\" aria-hidden=\"true\" focusable=\"false\"><path d=\"M12 2C6.5 2 2 6.5 2 12c0 5 3.7 9.1 8.4 9.9v-7H7.9V12h2.5V9.8c0-2.5 1.5-3.9 3.8-3.9 1.1 0 2.2.2 2.2.2v2.5h-1.3c-1.2 0-1.6.8-1.6 1.6V12h2.8l-.4 2.9h-2.3v7C18.3 21.1 22 17 22 12c0-5.5-4.5-10-10-10z\"><\/path><\/svg><span class=\"wp-block-social-link-label screen-reader-text\">Facebook<\/span><\/a><\/li>\n\n<li style=\"color:#ffffff;background-color:#ffffff00;\" class=\"wp-social-link wp-social-link-linkedin has-white-color wp-block-social-link\"><a href=\"https:\/\/www.linkedin.com\" class=\"wp-block-social-link-anchor\"><svg width=\"24\" height=\"24\" viewBox=\"0 0 24 24\" version=\"1.1\" xmlns=\"http:\/\/www.w3.org\/2000\/svg\" aria-hidden=\"true\" focusable=\"false\"><path d=\"M19.7,3H4.3C3.582,3,3,3.582,3,4.3v15.4C3,20.418,3.582,21,4.3,21h15.4c0.718,0,1.3-0.582,1.3-1.3V4.3 C21,3.582,20.418,3,19.7,3z M8.339,18.338H5.667v-8.59h2.672V18.338z M7.004,8.574c-0.857,0-1.549-0.694-1.549-1.548 c0-0.855,0.691-1.548,1.549-1.548c0.854,0,1.547,0.694,1.547,1.548C8.551,7.881,7.858,8.574,7.004,8.574z M18.339,18.338h-2.669 v-4.177c0-0.996-0.017-2.278-1.387-2.278c-1.389,0-1.601,1.086-1.601,2.206v4.249h-2.667v-8.59h2.559v1.174h0.037 c0.356-0.675,1.227-1.387,2.526-1.387c2.703,0,3.203,1.779,3.203,4.092V18.338z\"><\/path><\/svg><span class=\"wp-block-social-link-label screen-reader-text\">LinkedIn<\/span><\/a><\/li>\n\n<li style=\"color:#ffffff;background-color:#ffffff00;\" class=\"wp-social-link wp-social-link-twitter has-white-color wp-block-social-link\"><a href=\"https:\/\/twitter.com\" class=\"wp-block-social-link-anchor\"><svg width=\"24\" height=\"24\" viewBox=\"0 0 24 24\" version=\"1.1\" xmlns=\"http:\/\/www.w3.org\/2000\/svg\" aria-hidden=\"true\" focusable=\"false\"><path d=\"M22.23,5.924c-0.736,0.326-1.527,0.547-2.357,0.646c0.847-0.508,1.498-1.312,1.804-2.27 c-0.793,0.47-1.671,0.812-2.606,0.996C18.324,4.498,17.257,4,16.077,4c-2.266,0-4.103,1.837-4.103,4.103 c0,0.322,0.036,0.635,0.106,0.935C8.67,8.867,5.647,7.234,3.623,4.751C3.27,5.357,3.067,6.062,3.067,6.814 c0,1.424,0.724,2.679,1.825,3.415c-0.673-0.021-1.305-0.206-1.859-0.513c0,0.017,0,0.034,0,0.052c0,1.988,1.414,3.647,3.292,4.023 c-0.344,0.094-0.707,0.144-1.081,0.144c-0.264,0-0.521-0.026-0.772-0.074c0.522,1.63,2.038,2.816,3.833,2.85 c-1.404,1.1-3.174,1.756-5.096,1.756c-0.331,0-0.658-0.019-0.979-0.057c1.816,1.164,3.973,1.843,6.29,1.843 c7.547,0,11.675-6.252,11.675-11.675c0-0.178-0.004-0.355-0.012-0.531C20.985,7.47,21.68,6.747,22.23,5.924z\"><\/path><\/svg><span class=\"wp-block-social-link-label screen-reader-text\">Twitter<\/span><\/a><\/li><\/ul>\n<\/div>\n\n\n\n<div class=\"wp-block-uagb-container uagb-block-91761401\">\n<div class=\"wp-block-uagb-image aligncenter uagb-block-52af94bf wp-block-uagb-image--layout-default wp-block-uagb-image--effect-static wp-block-uagb-image--align-center\"><figure class=\"wp-block-uagb-image__figure\"><img decoding=\"async\" srcset=\"https:\/\/liveglucofit.com\/wp-content\/uploads\/2023\/10\/Chicasinfondomidiendose-min-1-685x1024.png ,https:\/\/liveglucofit.com\/wp-content\/uploads\/2023\/10\/Chicasinfondomidiendose-min-1.png 780w, https:\/\/liveglucofit.com\/wp-content\/uploads\/2023\/10\/Chicasinfondomidiendose-min-1.png 360w\" sizes=\"auto, (max-width: 480px) 150px\" src=\"https:\/\/liveglucofit.com\/wp-content\/uploads\/2023\/10\/Chicasinfondomidiendose-min-1-685x1024.png\" alt=\"\" class=\"uag-image-901\" width=\"350\" height=\"1025\" title=\"\" loading=\"lazy\"\/><\/figure><\/div>\n<\/div>\n<\/div><\/div>\n\n\n\n<div class=\"wp-block-uagb-container uagb-block-14c180e3 alignfull uagb-is-root-container\"><div class=\"uagb-container-inner-blocks-wrap\">\n<div class=\"wp-block-uagb-container uagb-block-8a5af7c3 alignfull uagb-is-root-container\"><div class=\"uagb-container-inner-blocks-wrap\">\n<div class=\"wp-block-uagb-container uagb-block-9b5f2a46\">\n<div data-aos= \"fade-down\" data-aos-duration=\"400\" data-aos-delay=\"0\" data-aos-easing=\"ease\" data-aos-once=\"true\" class=\"wp-block-uagb-advanced-heading uagb-block-874aa1b3\"><h3 class=\"uagb-heading-text\">TODO ELLO DESDE UNA \u00daNICA PLATAFORMA<\/h3><\/div>\n\n\n\n<div class=\"wp-block-uagb-advanced-heading uagb-block-e312b28b\"><h2 class=\"uagb-heading-text\">OFRECEMOS DIVERSAS HERRAMIENTAS PARA MEJORAR LA ATENCI\u00d3N A TUS PACIENTES<\/h2><p class=\"uagb-desc-text\">Live Gluco Fit simplifica la atenci\u00f3n m\u00e9dica. Nuestra plataforma ofrece una variedad de herramientas para mejorar el cuidado de tus pacientes, todo en un solo lugar. Optimiza tu pr\u00e1ctica m\u00e9dica con nosotros.<\/p><\/div>\n<\/div>\n\n\n\n<div class=\"wp-block-uagb-container uagb-block-1b4373a2\">\n<div class=\"wp-block-uagb-container uagb-block-1b1a7c91\">\n<div class=\"wp-block-uagb-info-box uagb-block-49ec1b6b uagb-infobox__content-wrap  uagb-infobox-icon-above-title uagb-infobox-image-valign-top\"><div class=\"uagb-ifb-content\"><div class=\"uagb-ifb-title-wrap\"><h3 class=\"uagb-ifb-title\">INFORMACI\u00d3N DEL PACIENTE<\/h3><\/div><p class=\"uagb-ifb-desc\">Una vista general de los datos de tus pacientes.<\/p><\/div><\/div>\n<\/div>\n\n\n\n<div class=\"wp-block-uagb-container uagb-block-18bd7a59\">\n<div class=\"wp-block-uagb-container uagb-block-d554388f\">\n<div class=\"wp-block-uagb-info-box uagb-block-1ed86a68 uagb-infobox__content-wrap  uagb-infobox-icon-above-title uagb-infobox-image-valign-top\"><div class=\"uagb-ifb-content\"><div class=\"uagb-ifb-title-wrap\"><h3 class=\"uagb-ifb-title\">VISUALIZACI\u00d3N DE DISPOSITIVOS<\/h3><\/div><p class=\"uagb-ifb-desc\">Accede a la informaci\u00f3n de sus dispositivos (actividad, sue\u00f1o, etc.) de manera intuitiva.<\/p><\/div><\/div>\n<\/div>\n<\/div>\n<\/div>\n\n\n\n<div class=\"wp-block-uagb-container uagb-block-26e285cd\">\n<div class=\"wp-block-uagb-container uagb-block-aee0d36a\">\n<div class=\"wp-block-uagb-container uagb-block-e7706ea3\">\n<div class=\"wp-block-uagb-info-box uagb-block-ad60d5c3 uagb-infobox__content-wrap  uagb-infobox-icon-above-title uagb-infobox-image-valign-top\"><div class=\"uagb-ifb-content\"><div class=\"uagb-ifb-title-wrap\"><h3 class=\"uagb-ifb-title\">SEGUIMIENTO EN TIEMPO REAL<\/h3><\/div><p class=\"uagb-ifb-desc\">Monitorizaci\u00f3n de pruebas y mediciones en tiempo real.<\/p><\/div><\/div>\n<\/div>\n<\/div>\n\n\n\n<div class=\"wp-block-uagb-container uagb-block-2d85aff2\">\n<div class=\"wp-block-uagb-container uagb-block-ea47dadb\">\n<div class=\"wp-block-uagb-info-box uagb-block-9ba6cc1a uagb-infobox__content-wrap  uagb-infobox-icon-above-title uagb-infobox-image-valign-top\"><div class=\"uagb-ifb-content\"><div class=\"uagb-ifb-title-wrap\"><h3 class=\"uagb-ifb-title\">CONEXI\u00d3N<\/h3><\/div><p class=\"uagb-ifb-desc\">Comunicaci\u00f3n bidireccional con la aplicaci\u00f3n del paciente y muchas otras funciones.<\/p><\/div><\/div>\n<\/div>\n<\/div>\n<\/div>\n<\/div><\/div>\n<\/div><\/div>\n\n\n\n<div class=\"wp-block-uagb-container uagb-block-5a9e5341 alignfull uagb-is-root-container\"><div class=\"uagb-container-inner-blocks-wrap\">\n<div class=\"wp-block-uagb-container uagb-block-cb9cbedf\">\n<div class=\"wp-block-uagb-info-box uagb-block-92036054 uagb-infobox__content-wrap  uagb-infobox-icon-above-title uagb-infobox-image-valign-top\"><div class=\"uagb-ifb-content\"><div class=\"uagb-ifb-image-content\"><img decoding=\"async\" src=\"https:\/\/liveglucofit.com\/wp-content\/uploads\/2023\/10\/Movil-632x1024.png\" alt=\"\" width=\"632\" height=\"1024\" loading=\"lazy\"\/><\/div><div class=\"uagb-ifb-title-wrap\"><h3 class=\"uagb-ifb-title\">OPTIMIZA TU TIEMPO Y ATRAE A M\u00c1S CLIENTES<\/h3><\/div><p class=\"uagb-ifb-desc\">Nuestra plataforma automatiza la gesti\u00f3n de las necesidades de tus pacientes y el an\u00e1lisis nutricional de las dietas, simplificando todos tus procedimientos.<\/p><\/div><\/div>\n<\/div>\n\n\n\n<div class=\"wp-block-uagb-container uagb-block-56cbda92\">\n<div class=\"wp-block-uagb-info-box uagb-block-ee16fcbf uagb-infobox__content-wrap  uagb-infobox-icon-above-title uagb-infobox-image-valign-top\"><div class=\"uagb-ifb-content\"><div class=\"uagb-ifb-image-content\"><img decoding=\"async\" src=\"https:\/\/liveglucofit.com\/wp-content\/uploads\/2023\/10\/Movil1-1-632x1024.png\" alt=\"\" width=\"632\" height=\"1024\" loading=\"lazy\"\/><\/div><div class=\"uagb-ifb-title-wrap\"><h3 class=\"uagb-ifb-title\">DESBLOQUEA UN UNIVERSO DE INFORMACI\u00d3N<\/h3><\/div><p class=\"uagb-ifb-desc\">Obt\u00e9n una comprensi\u00f3n profunda de cada paciente, lo que te brindar\u00e1 una precisi\u00f3n superior, mayor personalizaci\u00f3n y diagn\u00f3sticos m\u00e1s efectivos.<\/p><\/div><\/div>\n<\/div>\n\n\n\n<div class=\"wp-block-uagb-container uagb-block-af52d913\">\n<div class=\"wp-block-uagb-info-box uagb-block-190bc1b8 uagb-infobox__content-wrap  uagb-infobox-icon-above-title uagb-infobox-image-valign-top\"><div class=\"uagb-ifb-content\"><div class=\"uagb-ifb-image-content\"><img decoding=\"async\" src=\"https:\/\/liveglucofit.com\/wp-content\/uploads\/2023\/10\/Movil2-632x1024.png\" alt=\"\" width=\"632\" height=\"1024\" loading=\"lazy\"\/><\/div><div class=\"uagb-ifb-title-wrap\"><h3 class=\"uagb-ifb-title\">ELEVA TU CARRERA COMO NUTRICIONISTA<\/h3><\/div><p class=\"uagb-ifb-desc\">Accede a recomendaciones exclusivas y recursos personalizados para elevar tu pr\u00e1ctica profesional y ofrecer un servicio excepcional y altamente efectivo a tus pacientes.<\/p><\/div><\/div>\n<\/div>\n<\/div><\/div>\n\n\n\n<div class=\"wp-block-uagb-container uagb-block-4601eb33 alignfull uagb-is-root-container\"><div class=\"uagb-container-inner-blocks-wrap\">\n<div class=\"wp-block-uagb-container uagb-block-cae87c15\">\n<div class=\"wp-block-uagb-advanced-heading uagb-block-2fbb7032\"><h2 class=\"uagb-heading-text\">\u00bfDESEAS DESCUBRIR COMO LIVE GLUCO FIT PUEDE POTENCIAR TUS DIAGN\u00d3STICOS Y TRATAMIENTOS PARA TUS PACIENTES?<\/h2><p class=\"uagb-desc-text\">Solicita una demo gratuita ahora mismo y comienza a brindar una experiencia de precisi\u00f3n personalizada a tus clientes. \u00bfEst\u00e1s listo para empezar a utilizar Live Gluco Fit hoy mismo? \u00a1No esperes m\u00e1s, solicita tu demo gratuita ahora!<\/p><\/div>\n\n\n\n<div class=\"wp-block-uagb-buttons uagb-buttons__outer-wrap uagb-btn__default-btn uagb-btn-tablet__default-btn uagb-btn-mobile__default-btn uagb-block-21ff3157\"><div class=\"uagb-buttons__wrap uagb-buttons-layout-wrap\">\n<div class=\"wp-block-uagb-buttons-child uagb-buttons__outer-wrap uagb-block-8cbd5d79 wp-block-button\"><div class=\"uagb-button__wrapper\"><a class=\"uagb-buttons-repeater wp-block-button__link\" href=\"#\" onclick=\"return false;\" rel=\"follow noopener\" target=\"_self\"><div class=\"uagb-button__link\">DESCUBRE TU POTENCIAL<\/div><\/a><\/div><\/div>\n<\/div><\/div>\n<\/div>\n<\/div><\/div>\n","protected":false},"excerpt":{"rendered":"<p>TODO ELLO DESDE UNA \u00daNICA PLATAFORMA OFRECEMOS DIVERSAS HERRAMIENTAS PARA MEJORAR LA ATENCI\u00d3N A TUS PACIENTES Live Gluco Fit simplifica la atenci\u00f3n m\u00e9dica. Nuestra plataforma ofrece una variedad de herramientas para mejorar el cuidado de tus pacientes, todo en un solo lugar. Optimiza tu pr\u00e1ctica m\u00e9dica con nosotros. \u00bfDESEAS DESCUBRIR COMO LIVE GLUCO FIT PUEDE [&hellip;]<\/p>\n","protected":false},"author":1,"featured_media":0,"parent":0,"menu_order":0,"comment_status":"closed","ping_status":"closed","template":"","meta":{"_uag_custom_page_level_css":"","site-sidebar-layout":"default","site-content-layout":"","ast-site-content-layout":"default","site-content-style":"default","site-sidebar-style":"default","ast-global-header-display":"","ast-banner-title-visibility":"","ast-main-header-display":"","ast-hfb-above-header-display":"","ast-hfb-below-header-display":"","ast-hfb-mobile-header-display":"","site-post-title":"disabled","ast-breadcrumbs-content":"","ast-featured-img":"","footer-sml-layout":"","theme-transparent-header-meta":"","adv-header-id-meta":"","stick-header-meta":"","header-above-stick-meta":"","header-main-stick-meta":"","header-below-stick-meta":"","astra-migrate-meta-layouts":"set","ast-page-background-enabled":"default","ast-page-background-meta":{"desktop":{"background-color":"var(--ast-global-color-4)","background-image":"","background-repeat":"repeat","background-position":"center center","background-size":"auto","background-attachment":"scroll","background-type":"","background-media":"","overlay-type":"","overlay-color":"","overlay-opacity":"","overlay-gradient":""},"tablet":{"background-color":"","background-image":"","background-repeat":"repeat","background-position":"center center","background-size":"auto","background-attachment":"scroll","background-type":"","background-media":"","overlay-type":"","overlay-color":"","overlay-opacity":"","overlay-gradient":""},"mobile":{"background-color":"","background-image":"","background-repeat":"repeat","background-position":"center center","background-size":"auto","background-attachment":"scroll","background-type":"","background-media":"","overlay-type":"","overlay-color":"","overlay-opacity":"","overlay-gradient":""}},"ast-content-background-meta":{"desktop":{"background-color":"var(--ast-global-color-5)","background-image":"","background-repeat":"repeat","background-position":"center center","background-size":"auto","background-attachment":"scroll","background-type":"","background-media":"","overlay-type":"","overlay-color":"","overlay-opacity":"","overlay-gradient":""},"tablet":{"background-color":"var(--ast-global-color-5)","background-image":"","background-repeat":"repeat","background-position":"center center","background-size":"auto","background-attachment":"scroll","background-type":"","background-media":"","overlay-type":"","overlay-color":"","overlay-opacity":"","overlay-gradient":""},"mobile":{"background-color":"var(--ast-global-color-5)","background-image":"","background-repeat":"repeat","background-position":"center center","background-size":"auto","background-attachment":"scroll","background-type":"","background-media":"","overlay-type":"","overlay-color":"","overlay-opacity":"","overlay-gradient":""}},"footnotes":""},"class_list":["post-895","page","type-page","status-publish","hentry"],"uagb_featured_image_src":{"full":false,"thumbnail":false,"medium":false,"medium_large":false,"large":false,"1536x1536":false,"2048x2048":false},"uagb_author_info":{"display_name":"admin","author_link":"https:\/\/liveglucofit.com\/?author=1"},"uagb_comment_info":0,"uagb_excerpt":"TODO ELLO DESDE UNA \u00daNICA PLATAFORMA OFRECEMOS DIVERSAS HERRAMIENTAS PARA MEJORAR LA ATENCI\u00d3N A TUS PACIENTES Live Gluco Fit simplifica la atenci\u00f3n m\u00e9dica. Nuestra plataforma ofrece una variedad de herramientas para mejorar el cuidado de tus pacientes, todo en un solo lugar. Optimiza tu pr\u00e1ctica m\u00e9dica con nosotros. \u00bfDESEAS DESCUBRIR COMO LIVE GLUCO FIT PUEDE&hellip;","_links":{"self":[{"href":"https:\/\/liveglucofit.com\/index.php?rest_route=\/wp\/v2\/pages\/895","targetHints":{"allow":["GET"]}}],"collection":[{"href":"https:\/\/liveglucofit.com\/index.php?rest_route=\/wp\/v2\/pages"}],"about":[{"href":"https:\/\/liveglucofit.com\/index.php?rest_route=\/wp\/v2\/types\/page"}],"author":[{"embeddable":true,"href":"https:\/\/liveglucofit.com\/index.php?rest_route=\/wp\/v2\/users\/1"}],"replies":[{"embeddable":true,"href":"https:\/\/liveglucofit.com\/index.php?rest_route=%2Fwp%2Fv2%2Fcomments&post=895"}],"version-history":[{"count":53,"href":"https:\/\/liveglucofit.com\/index.php?rest_route=\/wp\/v2\/pages\/895\/revisions"}],"predecessor-version":[{"id":961,"href":"https:\/\/liveglucofit.com\/index.php?rest_route=\/wp\/v2\/pages\/895\/revisions\/961"}],"wp:attachment":[{"href":"https:\/\/liveglucofit.com\/index.php?rest_route=%2Fwp%2Fv2%2Fmedia&parent=895"}],"curies":[{"name":"wp","href":"https:\/\/api.w.org\/{rel}","templated":true}]}}